 l(v) = v**2 - 3*v - 22. Calculate l(-3).
-4
Let v(n) = 3*n**2 + 90*n - 91. What is v(-31)?
2
Let n(j) = j**2 - 23. Calculate n(-6).
13
Let i(y) = y + 47. Calculate i(-36).
11
Let v(q) = -q**3 + 10*q**2 - 7*q - 11. Determine v(9).
7
Let j(t) = -t - 14. What is j(-11)?
-3
Let y(d) = -d + 5. What is y(6)?
-1
Let i(w) = -5*w**2 - 182*w + 109. What is i(-37)?
-2
Let u(n) = -4*n + 50. Give u(16).
-14
Let u(z) = -2*z**3 + 6*z**2 - 3*z - 7. Determine u(4).
-51
Let j(c) = -c**3 - 8*c**2 + 10*c - 5. Give j(-9).
-14
Let l(c) = -c**3 + 19*c**2 - 4*c - 19. Determine l(19).
-95
Let g(l) = -3*l - 131. Calculate g(-39).
-14
Let q(m) = m**2 + 13*m + 2. Calculate q(-6).
-40
Let p(m) = -m**2 + 4. Calculate p(-3).
-5
Let h(k) = 11*k**2 - 5*k - 6. Determine h(-3).
108
Let v(z) = -22*z - 874. Give v(-40).
6
Let x(y) = -7*y**2 - y + 2. Calculate x(-2).
-24
Let y(j) = j**2 + 19*j - 4. Give y(-20).
16
Let p(h) = -h**2 + 13*h - 47. Give p(8).
-7
Let d(p) = -p**2 - 6*p + 78. Give d(-13).
-13
Let k(z) = -z**3 + 14*z**2 + 8*z + 79. Determine k(15).
-26
Let y(i) = -17*i + 100. Give y(5).
15
Let v(m) = -5*m**2 + 52*m - 114. What is v(7)?
5
Let v(d) = -d + 25. Calculate v(21).
4
Let p(c) = 2*c - 6. Calculate p(5).
4
Let r(y) = -y**2 + 4*y + 3. Determine r(2).
7
Let s(j) = j**3 - 4*j**2 - 14*j + 7. Determine s(6).
-5
Let v(y) = -7*y**2 - 2*y + 2. Give v(2).
-30
Let u(y) = -3*y + 16. Determine u(8).
-8
Let z(q) = -59*q - 233. Calculate z(-4).
3
Let s(n) = -5*n + 31. Calculate s(7).
-4
Let s(b) = -b**3 - 4*b**2 + 3. Determine s(-4).
3
Let s(y) = 14*y**2 - y. Calculate s(1).
13
Let q(n) = 49*n - 15. Give q(-2).
-113
Let c(v) = 17*v + 24. Determine c(8).
160
Let n(r) = -r. Calculate n(5).
-5
Let x(g) = g**2 - 14*g + 8. Give x(13).
-5
Let m(z) = 2*z**2 - 3*z - 6. Determine m(-2).
8
Let n(j) = -j**3 - 5*j**2 + 16*j + 11. Determine n(-7).
-3
Let y(h) = 5*h - 3. Give y(-1).
-8
Let c(i) = 2*i**2 - 12. Give c(5).
38
Let o(s) = s**3 - 8*s**2 + 13. What is o(6)?
-59
Let n(h) = -2*h**3 - 13*h**2 - 12. Determine n(-7).
37
Let l(d) = -d**3 + 2*d - 15. Determine l(0).
-15
Let c(x) = x**3 + 31*x**2 - 58*x + 269. Calculate c(-33).
5
Let d(w) = -w**3 + 8*w**2 + 6*w + 10. Calculate d(9).
-17
Let q(n) = 3*n - 18. Determine q(9).
9
Let u(r) = r**2 + 20*r + 22. Determine u(-15).
-53
Let b(l) = -l**2 - 6*l - 7. Give b(-5).
-2
Let o(f) = 3*f - 46. Determine o(-10).
-76
Let v(q) = q + 2. Calculate v(0).
2
Let r(z) = z**2 - 7*z - 15. Determine r(7).
-15
Let d(b) = -b**3 + 16*b**2 - b + 12. What is d(16)?
-4
Let f(u) = 26*u + 147. Determine f(-6).
-9
Let n(m) = m**3 + 7*m**2 + 6*m - 3. Determine n(-4).
21
Let z(s) = s**2 + 15*s + 64. Calculate z(-9).
10
Let p(w) = -w**3 - 16*w**2 - 13*w - 32. Determine p(-15).
-62
Let q(m) = 3*m + 169. What is q(-52)?
13
Let h(k) = k**3 + 13*k**2 + 8*k - 7. Determine h(-6).
197
Let x(c) = -8*c - 12. Give x(-7).
44
Let y(p) = -p**2 - 9*p + 7. Calculate y(-7).
21
Let s(q) = -14*q**3 + 2*q**2 + q + 1. Determine s(-1).
16
Let a(y) = -y**2 - 7*y - 7. Determine a(-8).
-15
Let u(o) = -5*o + 36. Calculate u(6).
6
Let i(r) = -r**3 - 7*r**2 + 3*r - 35. What is i(-8)?
5
Let s(x) = -2*x**2 - 5*x - 3. Calculate s(4).
-55
Let u(q) = 4*q**2 + 34*q - 9. What is u(-8)?
-25
Let t(s) = -2*s + 17. Give t(4).
9
Let j(k) = -3*k**2 - 5*k - 4. Calculate j(-1).
-2
Let p(n) = n**3 - 3*n**2 - 7*n + 4. Calculate p(5).
19
Let i(r) = 34*r + 4. Determine i(-1).
-30
Let b(w) = -w - 25. Calculate b(4).
-29
Let y(a) = 8*a + 70. Calculate y(-13).
-34
Let l(p) = -p**2 + 6*p - 8. What is l(6)?
-8
Let d(s) = 72*s - 5. Calculate d(-2).
-149
Let r(y) = -3*y**2 - 21*y - 27. Determine r(-8).
-51
Let k(w) = -w**3 + 12*w**2 - 11*w - 14. Give k(11).
-14
Let c(s) = 3*s**2 - 6*s - 7. Give c(-1).
2
Let q(h) = -10*h**2 + 7*h - 3. What is q(1)?
-6
Let z(l) = -105*l + 735. What is z(7)?
0
Let v(o) = 3*o**3 - 3*o**2 + 6*o - 6. What is v(4)?
162
Let q(v) = 4*v**2 + 17*v - 2. Determine q(-4).
-6
Let p(i) = -i**2 - 6*i + 4. Give p(2).
-12
Let m(r) = -r - 4. Determine m(10).
-14
Let r(y) = 7*y - 22. What is r(7)?
27
Let k(x) = x + 11. What is k(-4)?
7
Let f(w) = w**3 + 28*w**2 - 66*w - 189. Calculate f(-30).
-9
Let d(g) = -g - 1. Determine d(-3).
2
Let f(s) = s**2 - 6*s + 4. Determine f(7).
11
Let i(u) = u**3 + 8*u**2 + 9*u - 28. Give i(-6).
-10
Let x(d) = d**3 - 10*d**2 + 9*d - 3. Determine x(9).
-3
Let j(o) = o**2 - 10*o - 6. What is j(10)?
-6
Let c(s) = -20*s + 145. Determine c(7).
5
Let o(p) = -p**3 + 9*p**2 + 8*p - 10. Give o(10).
-30
Let t(f) = -10*f - 2. Determine t(-1).
8
Let k(v) = -2*v**3 + 5*v**2 - 5*v - 3. Determine k(2).
-9
Let z(r) = 2*r**3 + 24*r**2 + 40. Determine z(-12).
40
Let n(k) = 2*k**2 - 24*k + 6. Give n(13).
32
Let l(t) = t**3 - 3*t**2 - t. What is l(3)?
-3
Let w(a) = 218*a - 867. Calculate w(4).
5
Let w(j) = 5*j - 8. Determine w(4).
12
Let j(i) = i**2 + 3*i + 1. Calculate j(-5).
11
Let n(j) = -j**3 + 7*j**2 + 8*j - 15. What is n(8)?
-15
Let t(a) = 4*a + 72. Determine t(-20).
-8
Let i(b) = 97*b + 381. Calculate i(-4).
-7
Let b(q) = -q**2 - 7*q - 1. Give b(-7).
-1
Let p(a) = -6*a**3 + 77*a**2 + 13*a - 7. Determine p(13).
-7
Let z(t) = -t**3 - 8*t**2 + 8*t - 1. Determine z(-9).
8
Let p(s) = -s**3 + 15*s**2 - 26*s - 2. Calculate p(13).
-2
Let k(w) = w**2 - 11*w + 10. Give k(9).
-8
Let q(d) = -d**2 + 3*d. Calculate q(7).
-28
Let m(d) = d**3 + 8*d**2 + 6*d + 1. What is m(-7)?
8
Let z(t) = -31*t + 1. Give z(-1).
32
Let f(z) = -z**3 - 3*z**2 + 6*z - 9. Calculate f(2).
-17
Let n(m) = -m**2 + 18*m + 6. Determine n(10).
86
Let t(g) = -g**2 + g + 7. What is t(0)?
7
Let v(b) = b**3 - 13*b**2 + 4*b - 27. Determine v(13).
25
Let l(h) = 4*h + 18. Determine l(-17).
-50
Let z(g) = 2*g**3 - 3*g**2 + 10*g - 15. Calculate z(2).
9
Let i(o) = 4*o + 10. What is i(-2)?
2
Let b(k) = -8*k**2 + 2. Calculate b(2).
-30
Let w(i) = -15*i + 78. Calculate w(5).
3
Let g(j) = j**2 + 10*j + 14. What is g(-8)?
-2
Let i(j) = -j**3 - 10*j**2 + 19*j + 24. Calculate i(-12).
84
Let m(v) = v**3 - 17*v**2 + 2*v - 30. Give m(17).
4
Let v(c) = c + 18. What is v(0)?
18
Let g(k) = -2*k + 61. Determine g(31).
-1
Let g(s) = 3*s**3 - 4*s**2 - 4*s - 2. What is g(-2)?
-34
Let o(t) = 3*t + 7. Give o(-3).
-2
Let k(z) = -14*z + 84. Calculate k(6).
0
Let u(i) = 14*i + 135. What is u(-10)?
-5
Let m(k) = -3*k**2 + 9*k - 2. Calculate m(6).
-56
Let q(u) = -u**3 + 5*u**2 - 3*u - 3. Determine q(4).
1
Let p(i) = 11*i**2 + 1. Determine p(1).
12
Let d(a) = 16*a + 5. Calculate d(-2).
-27
Let z(c) = -c**2 - 7*c + 2. What is z(-5)?
12
Let t(i) = i**2 - 5*i + 1. What is t(6)?
7
Let t(d) = -3*d**2 + 18*d - 14. Give t(5).
1
Let k(v) = -5*v**2 - 15*v + 15. Calculate k(1).
-5
Let t(v) = v**2 - 13*v - 32. Calculate t(0).
-32
Let d(j) = -j**3 - 3*j**2 + 11*j + 13. Calculate d(-6).
55
Let t(a) = -a**3 + 9*a**2 - a - 2. Give t(9).
-11
Let n(s) = s**2 - 11*s - 1. What is n(5)?
-31
Let n(o) = 7*o**2 + o + 2. What is n(1)?
10
Let s(n) = -2*n**3 - 4*n**2 + 2*n + 6. What is s(-4)?
62
Let q(w) = -w**3 - 42*w**2 + 137*w + 95. Calculate q(-45).
5
Let t(w) = w**2 - 13*w + 19. Give t(9).
-17
Let z(w) = w**3 + 17*w**2 - 40*w + 22. Determine z(-19).
60
Let u(w) = 32*w - 35. Determine u(1).
-3
Let s(a) = -a**3 + a**2 + a - 168. Calculate s(0).
-168
Let z(k) = 17*k**3 + k**2 - 6*k + 6. What is z(1)?
18
Let u(o) = o**3 - 2*o**2 + 5*o - 3. Determine u(3).
21
Let h(j) = -j**3 + 8*j**2 - 10*j + 10. Give h(7).
-11
Let v(t) = t**2 + t + 8. Calculate v(-6).
38
Let k(j) = j**2 + 4*j - 90. What is k(-11)?
-13
Let m(c) = 92*c - 79. Calculate m(1).
13
Let w(z) = -z**2 - 4*z + 2. What is w(-4)?
2
Let n(u) = -5*u - 141. What is n(-27)?
-6
Let x(q) = q**3 - 7*q**2 - 2*q + 10. Calculate x(7).
-4
Let j(f) = f - 2. Calculate j(0).
-2
Let h(s) = -s**3 - 16*s**2 - 13*s + 12. Calculate h(-15).
-18
Let z(p) = p**3 + 3*p**2 - 4*p - 10. Give z(-3).
2
Let t(r) = -r**2 + r + 22. What is t(0)?
22
Let i(b) = -b + 1. Give i(8).
-7
Let c(i) = -8*i**3 + 2*i**2 + 2*i + 1. Calculate c(-1).
9
Let w(j) = j**3 - 4*j**2 - 8*j - 35. Determine w(6).
-11
Let k(h) = h**2 + 32*h - 73. Calculate k(-34).
-5
Let z(w) = w**2 - 17*w + 16. What is z(15)?
-14
Let z(m) = -m**3 - 11*m**2 - 2*m - 6. What is z(-11)?
16
Let l(o) = -46*o + 3. Give l(-1).
49
Let a(n) = n**2 + 4*n - 8. Calculate a(2).
4
Let a(z) = z**3 + 13*z**2 + 13*z + 14